et t = j + -104. Is t a prime number?
False
Let b(v) = -v**2 + 7*v + 4. Let f be b(4). Suppose -4 + f = -12*h. Is (((-274)/(-8))/h)/(24/(-288)) prime?
False
Let u(r) = r**2 + 3*r - 364. Let p be u(0). Let z be 2/15 + p/30. Let b(i) = i**3 + 23*i**2 + 12*i - 17. Is b(z) composite?
False
Is (-2159142 + -64)*(10/4 + (-6 - -3)) a composite number?
True
Suppose 5*a - 23 = -13. Suppose 0 = 3*v + 3*u + a*u - 4078, -6803 = -5*v - 2*u. Is v prime?
True
Suppose 87116 + 147426 = -14*h. Let g = 28410 + h. Is g composite?
False
Suppose -4*k + 5*z = 5189 + 2230, 4*z = -3*k - 5541. Let t be (70*-3)/(201/(-210) + 1). Let s = k - t. Is s composite?
False
Suppose y = f - 6463, f + 2*y = 4768 + 1713. Is f composite?
False
Suppose x - 705294 = -12*x + 10459873. Is x composite?
False
Let q = -85 + 54. Let j = q + 32. Is (j - -1) + -2 + 7*23 composite?
True
Let w(b) = -266 - 2*b - 40*b**2 - 29*b - b**3 + 242. Let y be w(-27). Let h = -6095 - y. Is h prime?
False
Let w(y) be the first derivative of y**4/4 + 7*y**3 + 11*y**2 - 13*y + 45. Is w(-19) a composite number?
True
Let z be 6*651 + (-6)/3. Suppose z = -4*m + 5*u, 2*m + 2*u = -u - 1974. Let w = m + 1522. Is w composite?
False
Let w be -9886*(99/18 - 2). Let x = w - -58934. Is x composite?
True
Suppose u + 63334 = 4*p - 75605, -2*u + 2 = 0. Is p a composite number?
True
Suppose 3318829 - 1008660 = 37*l. Is l a composite number?
True
Let i = -1828 + 6309. Is i composite?
False
Suppose 0 = -2*r - 2*x + 49638, 5*r - 124086 = -2*x - 0*x. Suppose 4509 = -3*s + r. Is s composite?
True
Is 2 + 257258 + -4 + -17 composite?
False
Suppose -o + 3 = -m, 0 = -5*o - 3 - 7. Let b(j) = -j**3 - 5*j**2 - j + 1. Let x be b(m). Suppose t = -2*w + 933, -2*w - 4*t - 1896 = -x*w. Is w a prime number?
False
Let z(q) = -4*q**3 - 8*q - 17. Suppose -4*m - 366 = 2*m. Let i = -68 - m. Is z(i) a composite number?
True
Suppose 11*d + 10 = 16*d. Is 925 - (28/8 - (-1)/d) prime?
False
Is (1172/2930)/((-3927337)/(-3927335) + -1) prime?
False
Let l be (102/153)/(0 - (-2)/(-3)). Is (-20)/28 - l - (-5065)/35 a prime number?
False
Suppose -13213485 = -2*g - 25*g + 20564514. Is g composite?
False
Suppose -4*l + 4*d + 2362708 = 0, -4*l + 148321 = -d - 2214405. Is l a composite number?
True
Suppose 5*l - 8*l + 18 = -3*v, -2*v - 4*l = 42. Is v + (-5 - -7) - -13036 composite?
True
Suppose 5*m - 11*m + 39846 = 0. Suppose -3*b + m = 4*v, -30*b + 6626 = -27*b + v. Is b composite?
False
Let j(x) = 3996*x**2 + 6*x + 53. Is j(6) a prime number?
False
Suppose 9*x - 141579 = 53568. Is x a composite number?
False
Suppose 20 = 4*d + d. Let i be 935/22 - 2/d. Suppose 0 = -4*y + 382 - i. Is y prime?
False
Suppose 3*b = -253 + 247. Is 16 + -16 + (b - (1 - 505)) a prime number?
False
Let z(x) = -19*x**3 + 7*x**2 - 8*x - 5. Let p be z(5). Let y = p - -4952. Is y prime?
True
Suppose 23*x - 165313353 = -100*x. Is x prime?
True
Suppose 0 = -3*d - 6 - 0. Let l be (0/2 + 5)/(d/(-4)). Suppose -l*c + 5*g + 439 = -7*c, c - 5*g = 153. Is c prime?
False
Suppose 3*x - 4*r = -16, -5*r = 5*x - 2*x - 20. Suppose -n + 6 = -x*n. Let q(s) = s**3 + 3*s**2 + 6*s + 1. Is q(n) a composite number?
True
Let f(d) = d - 1. Let w be f(4). Let u(m) = 33*m**3 + 2*m + 2. Let c(q) = 34*q**3 + q + 1. Let y(b) = 4*c(b) - 3*u(b). Is y(w) composite?
False
Let b be 8/5 + 40/100. Suppose 6798 = b*a - 32. Is a a prime number?
False
Is -1*(-38 - -35)*154306/6 a composite number?
False
Let h(j) = 91288*j + 653. Is h(3) a prime number?
True
Suppose 72*l + 36*l - 8268719 = -49*l. Is l a composite number?
False
Let i(l) = l**3 + 14*l**2 + 12*l - 11. Let s be i(-13). Suppose -b - c + 1 = 0, -7*b + 15 = -s*b + 3*c. Let k(t) = 85*t - 8. Is k(b) a composite number?
True
Let h(n) = n**3 + 11*n**2 - 5*n + 16. Let i be (1 + -10)*(-6)/(-9). Is h(i) a prime number?
False
Suppose 5*q + 0*q + 45 = 0. Let w(u) be the second derivative of 5*u**4/12 + 2*u**3 + 11*u**2 - 5*u - 2. Is w(q) a composite number?
True
Let z be 5/((-35)/3) - 497773/(-7). Is 2/(-3) - z/(-6) a prime number?
False
Let r(c) = 966*c**2 + 23*c - 102. Is r(5) a composite number?
True
Let o = 125 - 123. Suppose -z = -4*i + 5038, -15 + 11 = o*z. Is i a composite number?
False
Let f = -167 + 175. Is (4 - 5665/(-5)) + f/2 prime?
False
Let j(x) be the third derivative of x**4/12 + 6941*x**3/6 + 40*x**2. Let y be j(0). Let t = 12940 - y. Is t a composite number?
True
Suppose 14*b - 19*b = -25. Let w(o) = -b*o + 21*o**2 + o - 7 - o + 123*o**2. Is w(-4) a prime number?
False
Let p(f) = -5*f**2 - 36*f + 41*f - 4*f**2 - 78 + 14*f**2 + 5*f**3 + 12*f**2. Is p(17) a composite number?
True
Suppose -13*z - 3915 + 23129 = 0. Let b = z + -4063. Let p = b - -3904. Is p composite?
False
Suppose -s - 6 = 1. Suppose 115*z - 4996 = -971. Is 1/(z/10) - 2567/s a prime number?
True
Suppose -2*s = -4*q + 1254, 4 = -s + 1. Suppose q*y - 314*y = -4610. Is y a composite number?
True
Suppose -h - 15 = s - 52, 4*s + 2*h - 144 = 0. Suppose 0 = -4*y - l + 126, 0 = -y + 7*l - 3*l + 23. Suppose -s*n + 10460 = -y*n. Is n composite?
True
Suppose 5*c - 14 = -4*i, c + 3*c - 5*i - 44 = 0. Let o be 1*45/(c - 1). Let a(h) = 3*h**2 - 7*h - 2. Is a(o) a composite number?
True
Let k(y) = y + 9. Let x be k(-4). Suppose 15 = -x*s + 30. Suppose -3*z = -4*d + 10136, 4*d - s*d - 4*z = 2547. Is d prime?
True
Let p(d) be the second derivative of -137*d**3/6 + 9*d**2/2 + 1395*d. Let w(t) = t**3 - 4*t**2 - 5*t - 5. Let a be w(5). Is p(a) a composite number?
True
Let u(h) = 2*h**2 - 10*h - 27. Let a be u(11). Let s = 518 - 1290. Let t = a - s. Is t composite?
False
Let s(z) = -9*z + 165. Let g be s(-28). Suppose -2*c + 278 = -3*f, 3*f = 3*c + f - g. Is c a prime number?
True
Let o(y) = -707*y**3 - 6*y**2 - 40*y + 50. Is o(-9) a composite number?
True
Let j(m) be the third derivative of 368*m**4/3 - 5*m**3/6 + 42*m**2. Suppose 0 = -2*g + 4*y + 22, 0*g + 2*g = -y - 3. Is j(g) a prime number?
True
Suppose 3*b - 74*j - 5686 = -72*j, 2*b - j = 3789. Let t = 1011 + b. Is t composite?
False
Let x(y) = 6*y**2 - 6*y + 13. Let g = 40 - 22. Suppose 3*d = -0*d - g. Is x(d) a composite number?
True
Suppose 0 = 5*y - 14633 + 2408. Let d = y - 1702. Is d a prime number?
True
Suppose -3*i + 3*f = 11 + 40, -3*i - 5*f = 35. Let n = 109 - 171. Let v = i - n. Is v a composite number?
False
Let v = -184 + 188. Suppose 3*b + v*z = 8149, 0 = -5*b - 2*z - 3033 + 16624. Is b composite?
False
Let c be -3*(-1)/(-6)*-4. Suppose -w + 17 = 3*m, -c*w + 7*m = 2*m + 10. Suppose -w*r + 1573 = -922. Is r a prime number?
True
Let x(l) = 3*l**2 + 146*l - 146. Let c be x(1). Let p(h) be the second derivative of 5*h**4/12 + h**3/2 - 7*h**2/2 - h. Is p(c) a composite number?
False
Let i be ((27/6 + -4)*12)/1. Let x(g) = 2*g**2 + 11*g - 9. Is x(i) prime?
False
Let w(j) = 4*j**2 - 6*j + 17. Let n be w(3). Suppose 34*c = n*c - 2921. Is c composite?
True
Let f be ((-48)/(-40))/(4/130). Let l = f - 36. Suppose -3*r + l*w + 5996 = 2*r, -5*r + 4*w + 5993 = 0. Is r a prime number?
True
Let c = -40732 - -262453. Is c composite?
True
Suppose 0 = 4*t + 4*l - 9801 + 35997, 0 = -3*t - 5*l - 19653. Let f = 11105 + t. Is f a prime number?
False
Let t = -193 - -248. Suppose 0 = 51*n - t*n + 9652. Is n a prime number?
False
Suppose 24*l - 5085359 = 4363863 + 1707010. Is l a prime number?
True
Let d(s) = 110*s + 19. Let a(w) = 1 + 0 + 2*w**2 - 4*w + 8*w**3 + 0 + 2*w. Let t be a(1). Is d(t) a prime number?
True
Suppose -98*d + 23 = -97*d. Suppose -6*n - 20621 = -d*n. Is n a composite number?
False
Suppose -81 = 11*u + 18. Let q be (-4)/(1050/(-1048) - 9/u). Let x = q + -561. Is x a prime number?
False
Let q = 6318 - 11371. Let o = -2532 - q. Is o a composite number?
False
Let c = -3127 - -32984. Is c a composite number?
True
Let r(w) = 18816*w + 67. Let j be r(5). Suppose 39*f = 8*f + j. Is f prime?
True
Let q(z) = -448*z - 44. Let j be q(-14). Suppose 5*w = -13*w + j. Is w composite?
True
Is (10 - 472/48)*507414 composite?
True
Suppose 36*u = 16*u + 43240. Suppose 503 + u = 5*f. Is f composite?
True
Let k(i) = 826*i**2 - 32*i - 277. Is k(-11) a prime number?
False
Let c be 2/(-6) - 65960/(-24). Suppose -5*j = 3*l + 2*l - 6920, -3*l - c = -2*j. Suppose 4*o = j + 88. Is o composite?
False
Let q(u) = -2*u**2 - 8. Let g be q(-4). Let d = -36 - g. Suppose -2*r - 8 = 0